{"id":86,"date":"2021-09-28T11:07:58","date_gmt":"2021-09-28T09:07:58","guid":{"rendered":"http:\/\/cassielou.com\/?page_id=86"},"modified":"2021-11-03T14:56:02","modified_gmt":"2021-11-03T13:56:02","slug":"bio","status":"publish","type":"page","link":"https:\/\/cassielou.com\/index.php\/bio\/","title":{"rendered":"Bio"},"content":{"rendered":"\n<h1>Bio<\/h1>\n\n\n\n<div class=\"wp-block-advgb-columns advgb-columns-wrapper\" id=\"advgb-cols-f4fe634b-f143-4e72-85a5-4b4f6a5cba1b\"><div class=\"advgb-columns-container\"><div class=\"advgb-columns advgb-columns-row advgb-is-mobile advgb-columns-2 layout-12-12 tbl-layout-12-12 mbl-layout-stacked vgutter-10\">\n<div class=\"wp-block-advgb-column advgb-column advgb-is-half-desktop advgb-is-half-tablet advgb-is-full-mobile\" id=\"advgb-col-2deeb0c2-c371-4294-8638-2f70e07ae545\"><div class=\"advgb-column-inner\" style=\"border-style:none;border-width:1px\">\n<p>Vous parlez de moi, de mon \u00e2ge, de mon poids&#8230; mais pourquoi ? En revanche, vous parlez de r\u00eaves, d&#8217;\u00e9motions, d&#8217;ambitions, de ce &#8220;je ne sais quoi&#8221; qui d\u00e8s qu&#8217;il vous tient, ne vous l\u00e2che plus&#8230; alors l\u00e0 oui&nbsp;!<\/p>\n\n\n\n<p>Comme l&#8217;a dit Jacques Brel :<br><em>&#8220;R\u00eaver un impossible r\u00eave, telle est ma qu\u00eate [&#8230;] lutter toujours&#8221;<\/em>.<\/p>\n\n\n\n<p>Voil\u00e0 les mots que nous ressentons lorsque nous laissons parler notre coeur. Ce coeur qui comprend, qui n&#8217;oublie pas comme il est bon de r\u00eaver. M\u00eame lorsque nous lui fermons les yeux, il est l\u00e0, il bat pour nous faire vivre, mais faut-il encore l&#8217;\u00e9couter&#8230;<\/p>\n\n\n\n<p>On se dit trop souvent : &#8220;avec des &#8216;si&#8217; on referait le monde&#8221;. Il ne tient qu&#8217;\u00e0 nous de prendre les choses en main et d&#8217;avancer. Il y a en nous un r\u00eave qui sommeille et qui ne demande qu&#8217;\u00e0 se r\u00e9veiller. Chacun de nous peut y acc\u00e9der, m\u00eame si pour cela il faut &#8220;lutter toujours&#8221;.<\/p>\n\n\n\n<p>Cassie Lou<\/p>\n<\/div><\/div>\n\n\n\n<div class=\"wp-block-advgb-column advgb-column advgb-is-half-desktop advgb-is-half-tablet advgb-is-full-mobile\" id=\"advgb-col-b58c8d3b-c846-45d6-8502-09f0f81143d6\"><div class=\"advgb-column-inner\" style=\"border-style:none;border-width:1px\">\n<figure class=\"wp-block-gallery columns-1 is-cropped wp-block-gallery-1\"><ul class=\"blocks-gallery-grid\"><li class=\"blocks-gallery-item\"><figure><img decoding=\"async\" loading=\"lazy\" width=\"459\" height=\"356\" src=\"https:\/\/cassielou.com\/wp-content\/uploads\/2021\/09\/cassielou01.jpg\" alt=\"Cassie Lou\" data-id=\"92\" data-full-url=\"https:\/\/cassielou.com\/wp-content\/uploads\/2021\/09\/cassielou01.jpg\" data-link=\"https:\/\/cassielou.com\/index.php\/bio\/cassielou01\/\" class=\"wp-image-92 is-layout-flex\" srcset=\"https:\/\/cassielou.com\/wp-content\/uploads\/2021\/09\/cassielou01.jpg 459w, https:\/\/cassielou.com\/wp-content\/uploads\/2021\/09\/cassielou01-300x233.jpg 300w, https:\/\/cassielou.com\/wp-content\/uploads\/2021\/09\/cassielou01-230x178.jpg 230w, https:\/\/cassielou.com\/wp-content\/uploads\/2021\/09\/cassielou01-350x271.jpg 350w\" sizes=\"(max-width: 459px) 100vw, 459px\" \/><\/figure><\/li><\/ul><\/figure>\n<\/div><\/div>\n<\/div><\/div><\/div>\n\n\n\n<p><\/p>\n<style class=\"advgb-styles-renderer\">#advgb-cols-f4fe634b-f143-4e72-85a5-4b4f6a5cba1b{}@media screen and (max-width: 1023px) {#advgb-cols-f4fe634b-f143-4e72-85a5-4b4f6a5cba1b{}}@media screen and (max-width: 767px) {#advgb-cols-f4fe634b-f143-4e72-85a5-4b4f6a5cba1b{}}#advgb-col-2deeb0c2-c371-4294-8638-2f70e07ae545>.advgb-column-inner{margin-right:0px;padding-top:0px;}@media screen and (max-width: 1023px) {#advgb-col-2deeb0c2-c371-4294-8638-2f70e07ae545>.advgb-column-inner{}}@media screen and (max-width: 767px) {#advgb-col-2deeb0c2-c371-4294-8638-2f70e07ae545>.advgb-column-inner{}}#advgb-col-b58c8d3b-c846-45d6-8502-09f0f81143d6>.advgb-column-inner{margin-top:7px;margin-left:80px;}@media screen and (max-width: 1023px) {#advgb-col-b58c8d3b-c846-45d6-8502-09f0f81143d6>.advgb-column-inner{}}@media screen and (max-width: 767px) {#advgb-col-b58c8d3b-c846-45d6-8502-09f0f81143d6>.advgb-column-inner{margin-left:0px;}}<\/style>","protected":false},"excerpt":{"rendered":"<p>Bio<\/p>\n","protected":false},"author":1,"featured_media":0,"parent":0,"menu_order":0,"comment_status":"closed","ping_status":"closed","template":"page-templates\/page_front-page.php","meta":{"advgb_blocks_editor_width":"","advgb_blocks_columns_visual_guide":"","inline_featured_image":false},"yoast_head":"<!-- This site is optimized with the Yoast SEO plugin v20.8 - https:\/\/yoast.com\/wordpress\/plugins\/seo\/ -->\n<title>Bio - Cassie Lou<\/title>\n<meta name=\"robots\" content=\"index, follow, max-snippet:-1, max-image-preview:large, max-video-preview:-1\" \/>\n<link rel=\"canonical\" href=\"https:\/\/cassielou.com\/index.php\/bio\/\" \/>\n<meta property=\"og:locale\" content=\"en_US\" \/>\n<meta property=\"og:type\" content=\"article\" \/>\n<meta property=\"og:title\" content=\"Bio - Cassie Lou\" \/>\n<meta property=\"og:description\" content=\"Bio\" \/>\n<meta property=\"og:url\" content=\"https:\/\/cassielou.com\/index.php\/bio\/\" \/>\n<meta property=\"og:site_name\" content=\"Cassie Lou\" \/>\n<meta property=\"article:modified_time\" content=\"2021-11-03T13:56:02+00:00\" \/>\n<meta property=\"og:image\" content=\"https:\/\/cassielou.com\/wp-content\/uploads\/2021\/09\/cassielou01.jpg\" \/>\n<meta name=\"twitter:card\" content=\"summary_large_image\" \/>\n<meta name=\"twitter:label1\" content=\"Est. reading time\" \/>\n\t<meta name=\"twitter:data1\" content=\"1 minute\" \/>\n<script type=\"application\/ld+json\" class=\"yoast-schema-graph\">{\"@context\":\"https:\/\/schema.org\",\"@graph\":[{\"@type\":\"WebPage\",\"@id\":\"https:\/\/cassielou.com\/index.php\/bio\/\",\"url\":\"https:\/\/cassielou.com\/index.php\/bio\/\",\"name\":\"Bio - Cassie Lou\",\"isPartOf\":{\"@id\":\"https:\/\/cassielou.com\/#website\"},\"datePublished\":\"2021-09-28T09:07:58+00:00\",\"dateModified\":\"2021-11-03T13:56:02+00:00\",\"breadcrumb\":{\"@id\":\"https:\/\/cassielou.com\/index.php\/bio\/#breadcrumb\"},\"inLanguage\":\"en-US\",\"potentialAction\":[{\"@type\":\"ReadAction\",\"target\":[\"https:\/\/cassielou.com\/index.php\/bio\/\"]}]},{\"@type\":\"BreadcrumbList\",\"@id\":\"https:\/\/cassielou.com\/index.php\/bio\/#breadcrumb\",\"itemListElement\":[{\"@type\":\"ListItem\",\"position\":1,\"name\":\"Accueil\",\"item\":\"https:\/\/cassielou.com\/\"},{\"@type\":\"ListItem\",\"position\":2,\"name\":\"Bio\"}]},{\"@type\":\"WebSite\",\"@id\":\"https:\/\/cassielou.com\/#website\",\"url\":\"https:\/\/cassielou.com\/\",\"name\":\"Cassie Lou\",\"description\":\"\",\"potentialAction\":[{\"@type\":\"SearchAction\",\"target\":{\"@type\":\"EntryPoint\",\"urlTemplate\":\"https:\/\/cassielou.com\/?s={search_term_string}\"},\"query-input\":\"required name=search_term_string\"}],\"inLanguage\":\"en-US\"}]}<\/script>\n<!-- \/ Yoast SEO plugin. -->","yoast_head_json":{"title":"Bio - Cassie Lou","robots":{"index":"index","follow":"follow","max-snippet":"max-snippet:-1","max-image-preview":"max-image-preview:large","max-video-preview":"max-video-preview:-1"},"canonical":"https:\/\/cassielou.com\/index.php\/bio\/","og_locale":"en_US","og_type":"article","og_title":"Bio - Cassie Lou","og_description":"Bio","og_url":"https:\/\/cassielou.com\/index.php\/bio\/","og_site_name":"Cassie Lou","article_modified_time":"2021-11-03T13:56:02+00:00","og_image":[{"url":"https:\/\/cassielou.com\/wp-content\/uploads\/2021\/09\/cassielou01.jpg"}],"twitter_card":"summary_large_image","twitter_misc":{"Est. reading time":"1 minute"},"schema":{"@context":"https:\/\/schema.org","@graph":[{"@type":"WebPage","@id":"https:\/\/cassielou.com\/index.php\/bio\/","url":"https:\/\/cassielou.com\/index.php\/bio\/","name":"Bio - Cassie Lou","isPartOf":{"@id":"https:\/\/cassielou.com\/#website"},"datePublished":"2021-09-28T09:07:58+00:00","dateModified":"2021-11-03T13:56:02+00:00","breadcrumb":{"@id":"https:\/\/cassielou.com\/index.php\/bio\/#breadcrumb"},"inLanguage":"en-US","potentialAction":[{"@type":"ReadAction","target":["https:\/\/cassielou.com\/index.php\/bio\/"]}]},{"@type":"BreadcrumbList","@id":"https:\/\/cassielou.com\/index.php\/bio\/#breadcrumb","itemListElement":[{"@type":"ListItem","position":1,"name":"Accueil","item":"https:\/\/cassielou.com\/"},{"@type":"ListItem","position":2,"name":"Bio"}]},{"@type":"WebSite","@id":"https:\/\/cassielou.com\/#website","url":"https:\/\/cassielou.com\/","name":"Cassie Lou","description":"","potentialAction":[{"@type":"SearchAction","target":{"@type":"EntryPoint","urlTemplate":"https:\/\/cassielou.com\/?s={search_term_string}"},"query-input":"required name=search_term_string"}],"inLanguage":"en-US"}]}},"coauthors":[],"author_meta":{"author_link":"https:\/\/cassielou.com\/index.php\/author\/admin0921\/","display_name":"admin0921"},"relative_dates":{"created":"Posted 5 years ago","modified":"Updated 4 years ago"},"absolute_dates":{"created":"Posted on 28 September 2021","modified":"Updated on 3 November 2021"},"absolute_dates_time":{"created":"Posted on 28 September 2021 11h07","modified":"Updated on 3 November 2021 14h56"},"featured_img_caption":"","featured_img":false,"series_order":"","_links":{"self":[{"href":"https:\/\/cassielou.com\/index.php\/wp-json\/wp\/v2\/pages\/86"}],"collection":[{"href":"https:\/\/cassielou.com\/index.php\/wp-json\/wp\/v2\/pages"}],"about":[{"href":"https:\/\/cassielou.com\/index.php\/wp-json\/wp\/v2\/types\/page"}],"author":[{"embeddable":true,"href":"https:\/\/cassielou.com\/index.php\/wp-json\/wp\/v2\/users\/1"}],"replies":[{"embeddable":true,"href":"https:\/\/cassielou.com\/index.php\/wp-json\/wp\/v2\/comments?post=86"}],"version-history":[{"count":30,"href":"https:\/\/cassielou.com\/index.php\/wp-json\/wp\/v2\/pages\/86\/revisions"}],"predecessor-version":[{"id":278,"href":"https:\/\/cassielou.com\/index.php\/wp-json\/wp\/v2\/pages\/86\/revisions\/278"}],"wp:attachment":[{"href":"https:\/\/cassielou.com\/index.php\/wp-json\/wp\/v2\/media?parent=86"}],"curies":[{"name":"wp","href":"https:\/\/api.w.org\/{rel}","templated":true}]}}